alculate k(-6).
4
Let x(p) = p**2 - p - 168. Give x(11).
-58
Let w(n) = -n**2 - 36*n - 333. Give w(-22).
-25
Let l(h) = -5*h**3 + 4*h**2 - 16*h - 51. Determine l(-3).
168
Let y(i) = 2*i**2 - 88*i + 203. Give y(39).
-187
Let w(d) = -209*d + 1051. What is w(5)?
6
Let v(w) = 2*w**3 - 2*w**2 + 98*w - 181. Give v(2).
23
Let p(x) = -x**2 + 61*x - 472. Determine p(9).
-4
Let r(b) = -b**3 - 10*b**2 - 13*b + 10. Calculate r(-6).
-56
Let s(v) = 3*v**2 + 263*v - 3920. What is s(13)?
6
Let k(u) = 5*u**2 + 18*u - 47. Determine k(-6).
25
Let z(x) = 92*x + 1244. Determine z(-18).
-412
Let w(d) = 17*d**3 + 288*d**2 - 26*d - 164. Calculate w(-17).
-11
Let b(p) = 11*p**2 + 1247*p + 448. Calculate b(-113).
-4
Let j(s) = s**2 + 134*s - 4297. Determine j(27).
50
Let w(s) = 232*s - 2778. Determine w(12).
6
Let f(p) = -p**3 + 8*p**2 + 34*p - 194. Determine f(9).
31
Let w(i) = 5*i**2 + 147*i + 837. What is w(-6)?
135
Let x(b) = -57*b + 154. Give x(3).
-17
Let p(h) = 2*h - 12. Determine p(7).
2
Let g(f) = 3*f**3 - 22*f**2 + 38*f + 15. What is g(4)?
7
Let b(n) = 3*n**3 - 16*n**2 - 40*n - 6. What is b(-2)?
-14
Let a(l) = 2*l**3 + 267*l**2 - 1240*l + 275. Calculate a(-138).
-1
Let a(d) = d**3 + 24*d**2 + 106*d - 32. Determine a(-18).
4
Let x(l) = -2*l**2 - 33*l + 202. What is x(-21)?
13
Let m(p) = -360*p - 730. What is m(-2)?
-10
Let y(g) = -g**3 - 55*g**2 + 59*g + 119. Calculate y(-56).
-49
Let x(p) = -2440*p + 14659. Give x(6).
19
Let t(h) = -h**2 - 54*h + 422. What is t(7)?
-5
Let w(v) = -v**3 - 24*v**2 + 67*v + 387. What is w(-26)?
-3
Let z(l) = -6*l**3 + 5*l**2 - 23*l - 58. Give z(-2).
56
Let z(h) = 4*h - 11. What is z(-13)?
-63
Let b(r) = 3*r**2 + 4*r - 102. Give b(-7).
17
Let r(b) = 155*b - 6637. Give r(43).
28
Let l(n) = 17*n + 1598. What is l(-94)?
0
Let t(l) = 6*l**2 + 108*l - 107. Give t(-21).
271
Let p(t) = -2*t**3 - 7*t**2 + 7*t - 3. Calculate p(3).
-99
Let n(x) = x**3 + 6*x**2 + 23*x + 103. Determine n(-5).
13
Let t(n) = -193*n**2 + 1352*n - 2. Calculate t(7).
5
Let z(q) = -q**3 - 10*q**2 - 186*q - 1594. Calculate z(-9).
-1
Let k(j) = 2745*j - 10997. Determine k(4).
-17
Let m(g) = -113*g - 222. Give m(-4).
230
Let v(i) = -84*i - 7558. Give v(-90).
2
Let g(a) = -a**2 - 75*a + 1136. Calculate g(13).
-8
Let y(j) = -3*j**3 - 3*j**2 - 2*j - 62. Determine y(0).
-62
Let v(l) = -92*l - 191. Determine v(-7).
453
Let x(s) = s**2 - 44*s + 59. What is x(42)?
-25
Let h(c) = c**3 + 2*c**2 + c + 4. Calculate h(-3).
-8
Let x(v) = 3*v**3 - 24*v**2 - 47*v + 369. Calculate x(8).
-7
Let x(t) = -t**3 + 80*t + 2. Calculate x(9).
-7
Let a(u) = -7*u**3 - 9*u**2 - 23*u - 3. Calculate a(-2).
63
Let m(x) = x**3 + 3*x**2 + 2*x + 66. Determine m(-5).
6
Let h(i) = i**2 - 12*i - 75. Give h(-6).
33
Let h(n) = -n**3 - 8*n**2 + 7*n + 111. Give h(-5).
1
Let d(u) = 182*u**3 + 3*u**2 + 6*u - 7. Calculate d(1).
184
Let b(z) = 1005*z + 48254. Determine b(-48).
14
Let i(a) = -a**2 + 22*a - 23. Give i(11).
98
Let d(l) = 45*l - 88. Determine d(-2).
-178
Let c(a) = -3*a**2 + 7*a + 158. Give c(-6).
8
Let v(u) = -25*u**2 - 2*u + 8. Give v(-2).
-88
Let p(a) = -179*a**3 + 4*a**2 + 6*a + 2. What is p(-1)?
179
Let a(o) = -13*o - 1964. Calculate a(-156).
64
Let o(h) = 229*h + 772. Calculate o(-4).
-144
Let w(y) = -12*y**2 + 168*y - 267. Calculate w(12).
21
Let z(g) = 2*g**3 - 2*g**2 - 17*g + 21. Calculate z(2).
-5
Let p(k) = -k**3 - 8*k**2 - 13*k - 27. Calculate p(-8).
77
Let k(h) = 156*h - 21368. Determine k(137).
4
Let u(k) = 35*k - 56. Calculate u(-14).
-546
Let a(d) = -d**3 + 29*d**2 + 91*d. What is a(-3)?
15
Let m(q) = -19*q**3 + 2*q**2 - 25*q - 26. Give m(-1).
20
Let i(t) = -t**3 - 15*t**2 - 9*t + 31. Determine i(-14).
-39
Let f(w) = w**2 - 28*w + 211. Determine f(16).
19
Let l(w) = -4*w**2 - 760*w + 3096. What is l(-194)?
-8
Let i(u) = -u**2 + 95*u + 818. Give i(-8).
-6
Let z(p) = p**2 - 376*p - 6. Give z(0).
-6
Let v(c) = -6893*c + 48293. What is v(7)?
42
Let g(p) = 7947*p - 174832. Give g(22).
2
Let l(d) = 486*d + 235. What is l(1)?
721
Let w(y) = -107*y**2 - 1931*y - 13. Determine w(-18).
77
Let n(d) = 16*d - 854. What is n(52)?
-22
Let w(l) = 4*l**2 - 235*l + 173. Calculate w(58).
-1
Let j(t) = -132*t + 200. Determine j(2).
-64
Let y(d) = 2*d**2 + 313*d - 47408. What is y(-251)?
31
Let u(n) = -2*n**3 - 23*n**2 + 12*n + 33. Determine u(-12).
33
Let s(t) = -t**2 - 32*t + 9948. Determine s(85).
3
Let m(u) = 1339*u + 46845. Give m(-35).
-20
Let q(r) = -158*r. What is q(0)?
0
Let b(k) = -4*k**3 + 8*k**2 - 34*k + 65. Determine b(2).
-3
Let n(g) = -19*g**2 - 6*g - 1. Give n(-4).
-281
Let p(x) = -x - 122. Calculate p(-2).
-120
Let h(n) = n**3 + 8*n**2 + 15*n + 34. Determine h(-7).
-22
Let m(v) = -375*v - 1501. Determine m(-4).
-1
Let v(j) = -j**3 - 11*j**2 - 2*j - 6. What is v(-11)?
16
Let f(b) = -11*b**2 - 266*b - 52. What is f(-24)?
-4
Let i(c) = -6*c**2 - 159*c + 160. What is i(1)?
-5
Let o(u) = 4*u - 3. Give o(23).
89
Let m(h) = h**2 + 18*h - 109. What is m(-17)?
-126
Let z(b) = b**3 + 9*b**2 - 26*b - 42. Give z(-11).
2
Let v(w) = w**3 - 43*w**2 + 124*w - 3. What is v(3)?
9
Let c(n) = n**3 - 5*n**2 - 32*n - 224. Give c(11).
150
Let c(z) = -3*z**2 + 66*z - 123. Give c(20).
-3
Let w(b) = -2*b**2 + 134*b + 13781. What is w(123)?
5
Let n(i) = -159*i - 2001. What is n(-14)?
225
Let q(z) = 3*z**3 + 2*z**2 + 2*z + 9. What is q(0)?
9
Let m(j) = j**2 - 50*j + 34. Give m(48).
-62
Let u(o) = -3435*o + 13737. What is u(4)?
-3
Let m(r) = -2*r**3 - 582*r**2 - 574*r + 1738. Give m(-290).
-2
Let h(x) = -8*x**3 - 36*x**2 + 9*x + 8. Calculate h(-5).
63
Let w(b) = 24*b - 190. Determine w(8).
2
Let s(c) = 3*c**2 - 13*c - 54. Give s(13).
284
Let d(r) = -242*r + 3403. Give d(14).
15
Let d(r) = r**3 - 17*r**2 + 685*r - 4900. Calculate d(8).
4
Let z(q) = -q**3 + 45*q**2 - 391*q + 38. Give z(12).
98
Let g(y) = -2*y + 444. Give g(23).
398
Let z(v) = 97*v - 1079. Determine z(11).
-12
Let y(l) = -l**3 - 128*l**2 - 842*l + 490. Give y(-121).
-115
Let d(o) = -o**2 + 9*o + 67. Give d(-13).
-219
Let y(u) = -u**2 + 32*u - 5. Give y(18).
247
Let x(r) = -65*r + 404. Determine x(6).
14
Let s(n) = n**2 + 32*n + 83. Give s(-29).
-4
Let i(y) = -y**3 - 15*y**2 - 47*y - 184. Calculate i(-9).
-247
Let b(i) = -157*i - 370. What is b(-4)?
258
Let l(g) = g**3 + 27*g**2 + 47*g - 58. What is l(-25)?
17
Let p(h) = h**2 - 37*h - 259. Calculate p(-6).
-1
Let d(m) = -40*m - 331. Calculate d(-23).
589
Let d(o) = -522*o - 5246. Calculate d(-10).
-26
Let t(u) = 85*u + 2568. Calculate t(-30).
18
Let g(f) = -102*f - 3278. Determine g(-32).
-14
Let w(z) = 175*z - 1608. Determine w(9).
-33
Let d(m) = -41*m + 3672. What is d(93)?
-141
Let l(h) = -34*h**3 + 14*h**2 - 6*h + 4. What is l(2)?
-224
Let k(q) = -q**3 - 49*q**2 - 219*q - 11. What is k(-44)?
-55
Let m(h) = -2*h**2 - 1035*h - 38200. Determine m(-40).
0
Let w(g) = -4*g**2 + 39*g - 12. Determine w(8).
44
Let n(d) = -d**2 - 378*d + 22843. Give n(53).
0
Let b(i) = 9079*i + 54458. Calculate b(-6).
-16
Let f(y) = -41*y - 1122. Determine f(-34).
272
Let h(c) = 33*c - 73. Calculate h(4).
59
Let c(x) = 178*x + 706. Calculate c(-4).
-6
Let w(c) = -c**3 + 7*c**2 + 122*c + 38. What is w(15)?
68
Let a(w) = -15*w + 1596. Give a(106).
6
Let y(u) = 105*u**2 + 139*u + 415. Determine y(-3).
943
Let w(m) = m**2 - 13*m - 16. Calculate w(16).
32
Let q(l) = l**3 - 3*l**2 - 15*l + 66. Give q(7).
157
Let s(t) = t**3 - 30*t**2 + 214*t - 26. Determine s(11).
29
Let m(h) = -h**2 - 41*h - 191. What is m(-5)?
-11
Let w(y) = 6*y + 320. What is w(-55)?
-10
Let f(c) = -22*c**2 - 16*c - 65. What is f(-4)?
-353
Let y(u) = 2683*u + 8050. Calculate y(-3).
1
Let w(z) = -4*z**3 - 14*z**2 + 13*z + 18. Give w(-6).
300
Let y(g) = g**3 + 13*g**2 - 28*g + 14. Calculate y(-15).
-16
Let m(p) = p**3 - 35*p**2 - 136*p - 70. Calculate m(-3).
-4
Let c(j) = -84*j - 11. Give c(0).
-11
Let u(n) = n**3 + 12*n**2 + n - 29. Determine u(-10).
161
Let x(v) = 530*v + 34979. Calculate x(-66).
-1
Let k(s) = -2*s**3 + 9*s**2 - 26*s + 129. What is k(6)?
-135
Let x(c) = 2*c**3 - 25*c**2 + 10*c - 45. Give x(12).
-69
Let p(q) = 226*q + 661. Determine p(-6).
-695
Let h(c) = -2*c**3 - 32*c**2 - 17*c + 218. Give h(-15).
23
Let z(k) = -316*k + 1563. Give z(5).
-17
Let d(f) = f**3 + f**2 + 751*f + 30. What is d(0)?
30
Let p(h) = h**3 - 15*h**2 - 14*h + 15. Calcula